{"id":644,"date":"2018-06-18T14:12:35","date_gmt":"2018-06-18T17:12:35","guid":{"rendered":"https:\/\/isfd91-bue.infd.edu.ar\/sitio\/?page_id=644"},"modified":"2018-12-12T20:50:03","modified_gmt":"2018-12-12T23:50:03","slug":"catalogo","status":"publish","type":"page","link":"https:\/\/isfd91-bue.infd.edu.ar\/sitio\/catalogo\/","title":{"rendered":"CATALOGO"},"content":{"rendered":"<p><!-- Para que el el iframe sea visible para usuarios no logueados, el catalogo debe ser p\u00fablico en el campus. Para configurarlo ir a la administraci\u00f3n del campus: Catalogo > Configuraci\u00f3n, y destildar la opci\u00f3n \"Cat\u00e1logo privado\"\n--><\/p>\n<p><img decoding=\"async\" loading=\"lazy\" class=\"alignnone size-full wp-image-987\" src=\"https:\/\/isfd91-bue.infd.edu.ar\/sitio\/wp-content\/uploads\/2018\/12\/Ainscow-Mel-Desarrollo-de-escuelas-inclusivas.jpg\" alt=\"\" width=\"540\" height=\"960\" \/> <img decoding=\"async\" loading=\"lazy\" class=\"alignnone size-medium wp-image-988\" src=\"https:\/\/isfd91-bue.infd.edu.ar\/sitio\/wp-content\/uploads\/2018\/12\/Alliaud-Andrea-Los-artesanos-de-la-ense\u00f1anza.jpg\" alt=\"\" width=\"540\" height=\"960\" \/> <img decoding=\"async\" loading=\"lazy\" class=\"alignnone size-medium wp-image-989\" src=\"https:\/\/isfd91-bue.infd.edu.ar\/sitio\/wp-content\/uploads\/2018\/12\/Anijovich-Rebeca-Gestionar-una-escuela-con-aulas-heterog\u00e9neas..jpg\" alt=\"\" width=\"540\" height=\"960\" \/> <img decoding=\"async\" loading=\"lazy\" class=\"alignnone size-medium wp-image-990\" src=\"https:\/\/isfd91-bue.infd.edu.ar\/sitio\/wp-content\/uploads\/2018\/12\/Anijovich-Rebeca-y-otros-Transitar-la-formacion-docente.jpg\" alt=\"\" width=\"540\" height=\"960\" \/> <img decoding=\"async\" loading=\"lazy\" class=\"alignnone size-medium wp-image-991\" src=\"https:\/\/isfd91-bue.infd.edu.ar\/sitio\/wp-content\/uploads\/2018\/12\/Anijovich-y-Cappelletti-La-evaluaci\u00f3n-como-oportunidad.jpg\" alt=\"\" width=\"540\" height=\"960\" \/> <img decoding=\"async\" loading=\"lazy\" class=\"alignnone size-medium wp-image-992\" src=\"https:\/\/isfd91-bue.infd.edu.ar\/sitio\/wp-content\/uploads\/2018\/12\/Armstrong-Thomas-Inteligencias-m\u00faltiples-en-el-aula..jpg\" alt=\"\" width=\"540\" height=\"960\" \/> <img decoding=\"async\" loading=\"lazy\" class=\"alignnone size-medium wp-image-993\" src=\"https:\/\/isfd91-bue.infd.edu.ar\/sitio\/wp-content\/uploads\/2018\/12\/Baz-Alcira-y-otros-Escribir-apuntes-sobre-una-pr\u00e1ctica.-563x1000.jpg\" alt=\"\" width=\"563\" height=\"1000\" srcset=\"https:\/\/isfd91-bue.infd.edu.ar\/sitio\/wp-content\/uploads\/2018\/12\/Baz-Alcira-y-otros-Escribir-apuntes-sobre-una-pr\u00e1ctica.-563x1000.jpg 563w, https:\/\/isfd91-bue.infd.edu.ar\/sitio\/wp-content\/uploads\/2018\/12\/Baz-Alcira-y-otros-Escribir-apuntes-sobre-una-pr\u00e1ctica..jpg 720w\" sizes=\"(max-width: 563px) 100vw, 563px\" \/> <img decoding=\"async\" loading=\"lazy\" class=\"alignnone size-medium wp-image-994\" src=\"https:\/\/isfd91-bue.infd.edu.ar\/sitio\/wp-content\/uploads\/2018\/12\/Blythe-Tina-La-ense\u00f1anza-para-la-comprensi\u00f3n.jpg\" alt=\"\" width=\"540\" height=\"960\" \/> <img decoding=\"async\" loading=\"lazy\" class=\"alignnone size-medium wp-image-995\" src=\"https:\/\/isfd91-bue.infd.edu.ar\/sitio\/wp-content\/uploads\/2018\/12\/Bruner-Jerome-La-educaci\u00f3n-puerta-de-la-cultura..jpg\" alt=\"\" width=\"540\" height=\"960\" \/> <img decoding=\"async\" loading=\"lazy\" class=\"alignnone size-medium wp-image-996\" src=\"https:\/\/isfd91-bue.infd.edu.ar\/sitio\/wp-content\/uploads\/2018\/12\/Buckingham-David-M\u00e1s-all\u00e1-de-la-tecnolog\u00eda.jpg\" alt=\"\" width=\"540\" height=\"960\" \/> <img decoding=\"async\" loading=\"lazy\" class=\"alignnone size-medium wp-image-997\" src=\"https:\/\/isfd91-bue.infd.edu.ar\/sitio\/wp-content\/uploads\/2018\/12\/Camilloni-Alicia-y-otros-El-saber-didactico..jpg\" alt=\"\" width=\"540\" height=\"960\" \/> <img decoding=\"async\" loading=\"lazy\" class=\"alignnone size-medium wp-image-998\" src=\"https:\/\/isfd91-bue.infd.edu.ar\/sitio\/wp-content\/uploads\/2018\/12\/Castorina-y-Carretero-Desarrollo-cognitivo-y-Educacion..jpg\" alt=\"\" width=\"540\" height=\"960\" \/> <img decoding=\"async\" loading=\"lazy\" class=\"alignnone size-medium wp-image-999\" src=\"https:\/\/isfd91-bue.infd.edu.ar\/sitio\/wp-content\/uploads\/2018\/12\/Chevalliard-Yves-La-transposici\u00f3n-did\u00e1ctica.jpg\" alt=\"\" width=\"540\" height=\"960\" \/> <img decoding=\"async\" loading=\"lazy\" class=\"alignnone size-medium wp-image-1000\" src=\"https:\/\/isfd91-bue.infd.edu.ar\/sitio\/wp-content\/uploads\/2018\/12\/Davini-Mar\u00eda-Cristina-Metodos-de-ense\u00f1anza.jpg\" alt=\"\" width=\"540\" height=\"960\" \/> <img decoding=\"async\" loading=\"lazy\" class=\"alignnone size-medium wp-image-1001\" src=\"https:\/\/isfd91-bue.infd.edu.ar\/sitio\/wp-content\/uploads\/2018\/12\/Dewet-John-Experiencia-y-Educaci\u00f3n.jpg\" alt=\"\" width=\"540\" height=\"960\" \/> <img decoding=\"async\" loading=\"lazy\" class=\"alignnone size-medium wp-image-1002\" src=\"https:\/\/isfd91-bue.infd.edu.ar\/sitio\/wp-content\/uploads\/2018\/12\/Dubet-Fran\u00e7ois-Repensar-la-justicia-social-563x1000.jpg\" alt=\"\" width=\"563\" height=\"1000\" srcset=\"https:\/\/isfd91-bue.infd.edu.ar\/sitio\/wp-content\/uploads\/2018\/12\/Dubet-Fran\u00e7ois-Repensar-la-justicia-social-563x1000.jpg 563w, https:\/\/isfd91-bue.infd.edu.ar\/sitio\/wp-content\/uploads\/2018\/12\/Dubet-Fran\u00e7ois-Repensar-la-justicia-social.jpg 720w\" sizes=\"(max-width: 563px) 100vw, 563px\" \/> <img decoding=\"async\" loading=\"lazy\" class=\"alignnone size-medium wp-image-1003\" src=\"https:\/\/isfd91-bue.infd.edu.ar\/sitio\/wp-content\/uploads\/2018\/12\/Edelstein-Gloria-Formar-y-formarse-en-la-ense\u00f1anza..jpg\" alt=\"\" width=\"540\" height=\"960\" \/> <img decoding=\"async\" loading=\"lazy\" class=\"alignnone size-medium wp-image-1004\" src=\"https:\/\/isfd91-bue.infd.edu.ar\/sitio\/wp-content\/uploads\/2018\/12\/Eisner-Elliot-Cognici\u00f3n-y-curriculum-563x1000.jpg\" alt=\"\" width=\"563\" height=\"1000\" srcset=\"https:\/\/isfd91-bue.infd.edu.ar\/sitio\/wp-content\/uploads\/2018\/12\/Eisner-Elliot-Cognici\u00f3n-y-curriculum-563x1000.jpg 563w, https:\/\/isfd91-bue.infd.edu.ar\/sitio\/wp-content\/uploads\/2018\/12\/Eisner-Elliot-Cognici\u00f3n-y-curriculum.jpg 720w\" sizes=\"(max-width: 563px) 100vw, 563px\" \/> <img decoding=\"async\" loading=\"lazy\" class=\"alignnone size-medium wp-image-1005\" src=\"https:\/\/isfd91-bue.infd.edu.ar\/sitio\/wp-content\/uploads\/2018\/12\/El-aprendizaje-basado-en-problemas-563x1000.jpg\" alt=\"\" width=\"563\" height=\"1000\" srcset=\"https:\/\/isfd91-bue.infd.edu.ar\/sitio\/wp-content\/uploads\/2018\/12\/El-aprendizaje-basado-en-problemas-563x1000.jpg 563w, https:\/\/isfd91-bue.infd.edu.ar\/sitio\/wp-content\/uploads\/2018\/12\/El-aprendizaje-basado-en-problemas.jpg 720w\" sizes=\"(max-width: 563px) 100vw, 563px\" \/> <img decoding=\"async\" loading=\"lazy\" class=\"alignnone size-medium wp-image-1006\" src=\"https:\/\/isfd91-bue.infd.edu.ar\/sitio\/wp-content\/uploads\/2018\/12\/Ense\u00f1ar-y-aprender-en-grupos-cooperativos..jpg\" alt=\"\" width=\"540\" height=\"960\" \/> <img decoding=\"async\" loading=\"lazy\" class=\"alignnone size-medium wp-image-1007\" src=\"https:\/\/isfd91-bue.infd.edu.ar\/sitio\/wp-content\/uploads\/2018\/12\/Finkel-Don-Dar-clase-con-la-boca-cerrada.jpg\" alt=\"\" width=\"540\" height=\"960\" \/> <img decoding=\"async\" loading=\"lazy\" class=\"alignnone size-medium wp-image-1008\" src=\"https:\/\/isfd91-bue.infd.edu.ar\/sitio\/wp-content\/uploads\/2018\/12\/Fisher-Robert-Dec\u00e1logo-creativo-hablar-para-pensar-en-el-aula.jpg\" alt=\"\" width=\"540\" height=\"960\" \/> <img decoding=\"async\" loading=\"lazy\" class=\"alignnone size-medium wp-image-1009\" src=\"https:\/\/isfd91-bue.infd.edu.ar\/sitio\/wp-content\/uploads\/2018\/12\/Freire-Paulo-Pedagog\u00eda-del-oprimido-563x1000.jpg\" alt=\"\" width=\"563\" height=\"1000\" srcset=\"https:\/\/isfd91-bue.infd.edu.ar\/sitio\/wp-content\/uploads\/2018\/12\/Freire-Paulo-Pedagog\u00eda-del-oprimido-563x1000.jpg 563w, https:\/\/isfd91-bue.infd.edu.ar\/sitio\/wp-content\/uploads\/2018\/12\/Freire-Paulo-Pedagog\u00eda-del-oprimido.jpg 720w\" sizes=\"(max-width: 563px) 100vw, 563px\" \/> <img decoding=\"async\" loading=\"lazy\" class=\"alignnone size-medium wp-image-1010\" src=\"https:\/\/isfd91-bue.infd.edu.ar\/sitio\/wp-content\/uploads\/2018\/12\/Fullan-y.jpg\" alt=\"\" width=\"540\" height=\"960\" \/> <img decoding=\"async\" loading=\"lazy\" class=\"alignnone size-medium wp-image-1011\" src=\"https:\/\/isfd91-bue.infd.edu.ar\/sitio\/wp-content\/uploads\/2018\/12\/Gardner-Howard-La-educacion-de-las-mentes-y-el-conocimiento-de-las-disciplinas.jpg\" alt=\"\" width=\"540\" height=\"960\" \/> <img decoding=\"async\" loading=\"lazy\" class=\"alignnone size-medium wp-image-1012\" src=\"https:\/\/isfd91-bue.infd.edu.ar\/sitio\/wp-content\/uploads\/2018\/12\/Hargreaves-Andy-Profesorados-cultura-y-postmodernidad..jpg\" alt=\"\" width=\"540\" height=\"960\" \/> <img decoding=\"async\" loading=\"lazy\" class=\"alignnone size-medium wp-image-1013\" src=\"https:\/\/isfd91-bue.infd.edu.ar\/sitio\/wp-content\/uploads\/2018\/12\/La-integraci\u00f3n-escolar-como-problem\u00e1tica-profesional..jpg\" alt=\"\" width=\"540\" height=\"960\" \/> <img decoding=\"async\" loading=\"lazy\" class=\"alignnone size-medium wp-image-1014\" src=\"https:\/\/isfd91-bue.infd.edu.ar\/sitio\/wp-content\/uploads\/2018\/12\/Litwin-Edith-El-ofocio-de-ense\u00f1ar.jpg\" alt=\"\" width=\"540\" height=\"960\" \/> <img decoding=\"async\" loading=\"lazy\" class=\"alignnone size-medium wp-image-1015\" src=\"https:\/\/isfd91-bue.infd.edu.ar\/sitio\/wp-content\/uploads\/2018\/12\/Los-dispositivos-para-la-formaci\u00f3n-en-las-practicas-profesionales..jpg\" alt=\"\" width=\"540\" height=\"960\" \/> <img decoding=\"async\" loading=\"lazy\" class=\"alignnone size-medium wp-image-1016\" src=\"https:\/\/isfd91-bue.infd.edu.ar\/sitio\/wp-content\/uploads\/2018\/12\/Maggio-Mariana-enriquecer-la-ense\u00f1anza.jpg\" alt=\"\" width=\"540\" height=\"960\" \/> <img decoding=\"async\" loading=\"lazy\" class=\"alignnone size-medium wp-image-1017\" src=\"https:\/\/isfd91-bue.infd.edu.ar\/sitio\/wp-content\/uploads\/2018\/12\/Meirieu-Philippe-Recuperar-la-pedagog\u00eda..jpg\" alt=\"\" width=\"540\" height=\"960\" \/> <img decoding=\"async\" loading=\"lazy\" class=\"alignnone size-medium wp-image-1018\" src=\"https:\/\/isfd91-bue.infd.edu.ar\/sitio\/wp-content\/uploads\/2018\/12\/Montessori-Mar\u00eda-El-m\u00e9todo-de-la-pedagog\u00eda-cientifica..jpg\" alt=\"\" width=\"540\" height=\"960\" \/> <img decoding=\"async\" loading=\"lazy\" class=\"alignnone size-medium wp-image-1019\" src=\"https:\/\/isfd91-bue.infd.edu.ar\/sitio\/wp-content\/uploads\/2018\/12\/Nucleos-interdisciplinarios-de-contenidos-NIC.jpg\" alt=\"\" width=\"540\" height=\"960\" \/> <img decoding=\"async\" loading=\"lazy\" class=\"alignnone size-medium wp-image-1020\" src=\"https:\/\/isfd91-bue.infd.edu.ar\/sitio\/wp-content\/uploads\/2018\/12\/Perkins-David-El-aprendizaje-pleno..jpg\" alt=\"\" width=\"540\" height=\"960\" \/> <img decoding=\"async\" loading=\"lazy\" class=\"alignnone size-medium wp-image-1021\" src=\"https:\/\/isfd91-bue.infd.edu.ar\/sitio\/wp-content\/uploads\/2018\/12\/Perrenoud-Philipp-Desarrollar-la-practica-reflexiva-en-el-oficio-de-ense\u00f1ar..jpg\" alt=\"\" width=\"540\" height=\"960\" \/> <img decoding=\"async\" loading=\"lazy\" class=\"alignnone size-medium wp-image-1022\" src=\"https:\/\/isfd91-bue.infd.edu.ar\/sitio\/wp-content\/uploads\/2018\/12\/Perrenoud-Philippe-Diez-nuevas-competencias-para-ense\u00f1ar..jpg\" alt=\"\" width=\"540\" height=\"960\" \/> <img decoding=\"async\" loading=\"lazy\" class=\"alignnone size-medium wp-image-1023\" src=\"https:\/\/isfd91-bue.infd.edu.ar\/sitio\/wp-content\/uploads\/2018\/12\/Piaget-Jean-La-psicolog\u00eda-de-la-inteligencia..jpg\" alt=\"\" width=\"540\" height=\"960\" \/> <img decoding=\"async\" loading=\"lazy\" class=\"alignnone size-medium wp-image-1024\" src=\"https:\/\/isfd91-bue.infd.edu.ar\/sitio\/wp-content\/uploads\/2018\/12\/Pozo-Juan-I-Aprender-en-tiempos-revueltos.jpg\" alt=\"\" width=\"540\" height=\"960\" \/> <img decoding=\"async\" loading=\"lazy\" class=\"alignnone size-medium wp-image-1025\" src=\"https:\/\/isfd91-bue.infd.edu.ar\/sitio\/wp-content\/uploads\/2018\/12\/RichhartChurch-y-Morrison-Hacer-visible-el-pensamiento.jpg\" alt=\"\" width=\"540\" height=\"960\" \/> <img decoding=\"async\" loading=\"lazy\" class=\"alignnone size-medium wp-image-1026\" src=\"https:\/\/isfd91-bue.infd.edu.ar\/sitio\/wp-content\/uploads\/2018\/12\/Siede-Isabelino-Entre-familias-y-escuelas..jpg\" alt=\"\" width=\"540\" height=\"960\" \/> <img decoding=\"async\" loading=\"lazy\" class=\"alignnone size-medium wp-image-1027\" src=\"https:\/\/isfd91-bue.infd.edu.ar\/sitio\/wp-content\/uploads\/2018\/12\/Vigotski-Lev-Pensamiento-y-habla.jpg\" alt=\"\" width=\"540\" height=\"960\" \/> <img decoding=\"async\" loading=\"lazy\" class=\"alignnone size-medium wp-image-1028\" src=\"https:\/\/isfd91-bue.infd.edu.ar\/sitio\/wp-content\/uploads\/2018\/12\/Zabalza-Beraza-Zabalza-Cerdeiri\u00f1ia-Profesores-y-profesi\u00f3n-docente..jpg\" alt=\"\" width=\"540\" height=\"960\" \/><iframe loading=\"lazy\" src=\"\/aula\/catalogo.cgi?embed=1\" width=\"100%\" height=\"1000\" scrolling=\"yes\"><\/iframe><\/p>\n","protected":false},"excerpt":{"rendered":"","protected":false},"author":1,"featured_media":0,"parent":0,"menu_order":0,"comment_status":"closed","ping_status":"closed","template":"","meta":[],"acf":[],"_links":{"self":[{"href":"https:\/\/isfd91-bue.infd.edu.ar\/sitio\/wp-json\/wp\/v2\/pages\/644"}],"collection":[{"href":"https:\/\/isfd91-bue.infd.edu.ar\/sitio\/wp-json\/wp\/v2\/pages"}],"about":[{"href":"https:\/\/isfd91-bue.infd.edu.ar\/sitio\/wp-json\/wp\/v2\/types\/page"}],"author":[{"embeddable":true,"href":"https:\/\/isfd91-bue.infd.edu.ar\/sitio\/wp-json\/wp\/v2\/users\/1"}],"replies":[{"embeddable":true,"href":"https:\/\/isfd91-bue.infd.edu.ar\/sitio\/wp-json\/wp\/v2\/comments?post=644"}],"version-history":[{"count":5,"href":"https:\/\/isfd91-bue.infd.edu.ar\/sitio\/wp-json\/wp\/v2\/pages\/644\/revisions"}],"predecessor-version":[{"id":1569,"href":"https:\/\/isfd91-bue.infd.edu.ar\/sitio\/wp-json\/wp\/v2\/pages\/644\/revisions\/1569"}],"wp:attachment":[{"href":"https:\/\/isfd91-bue.infd.edu.ar\/sitio\/wp-json\/wp\/v2\/media?parent=644"}],"curies":[{"name":"wp","href":"https:\/\/api.w.org\/{rel}","templated":true}]}}