{"id":843,"date":"2018-08-29T16:05:40","date_gmt":"2018-08-29T19:05:40","guid":{"rendered":"https:\/\/isfd91-bue.infd.edu.ar\/sitio\/datos-institucionales\/"},"modified":"2020-02-18T21:06:18","modified_gmt":"2020-02-19T00:06:18","slug":"datos-institucionales","status":"publish","type":"page","link":"https:\/\/isfd91-bue.infd.edu.ar\/sitio\/datos-institucionales\/","title":{"rendered":"Datos institucionales"},"content":{"rendered":"<p>En marzo de 1988 se determina la creaci\u00f3n en el distrito de Tapalqu\u00e9 de un Instituto de Formaci\u00f3n Docente, anexo del Instituto Superior de Formaci\u00f3n Docente N\u00ba 2 de Azul. En el a\u00f1o 1991 por gestiones de autoridades de la instituci\u00f3n y de distintas instituciones de la localidad se logra su independencia y pasa a denominarse INSTITUTO SUPERIOR DE FORMACI\u00d3N DOCENTE Y T\u00c9CNICO N\u00ba 91.<br \/>\nInicia sus actividades con el dictado de las carreras de Magisterio Especializado en Educaci\u00f3n Primaria e Inicial y la Tecnicatura Superior en Administraci\u00f3n Agropecuaria, entre otras.<br \/>\nEste Instituto cuenta con 28 a\u00f1os de existencia formando profesionales docentes y t\u00e9cnicos que brindan su saber acad\u00e9mico a la comunidad contribuyendo al desarrollo al local.<br \/>\nEn la actualidad se dictan las siguientes carreras: Profesorado para Educaci\u00f3n Primaria, Profesorado para Educaci\u00f3n Inicial, Profesorado de Educaci\u00f3n F\u00edsica, Tecnicatura en Acompa\u00f1amiento terap\u00e9utico, Tecnicatura Superior en Enfermer\u00eda y Tecnicatura Superior en Gu\u00eda de Turismo. <\/p>\n","protected":false},"excerpt":{"rendered":"<p>En marzo de 1988 se determina la creaci\u00f3n en el distrito de Tapalqu\u00e9 de un Instituto de Formaci\u00f3n Docente, anexo del Instituto Superior de Formaci\u00f3n Docente N\u00ba 2 de Azul. En el a\u00f1o 1991 por gestiones de autoridades de la instituci\u00f3n y de distintas instituciones de la localidad se logra su independencia y pasa a &#8230; <a title=\"Datos institucionales\" class=\"read-more\" href=\"https:\/\/isfd91-bue.infd.edu.ar\/sitio\/datos-institucionales\/\" aria-label=\"More on Datos institucionales\">[+]<\/a><\/p>\n","protected":false},"author":62,"featured_media":0,"parent":0,"menu_order":0,"comment_status":"closed","ping_status":"closed","template":"","meta":[],"acf":[],"_links":{"self":[{"href":"https:\/\/isfd91-bue.infd.edu.ar\/sitio\/wp-json\/wp\/v2\/pages\/843"}],"collection":[{"href":"https:\/\/isfd91-bue.infd.edu.ar\/sitio\/wp-json\/wp\/v2\/pages"}],"about":[{"href":"https:\/\/isfd91-bue.infd.edu.ar\/sitio\/wp-json\/wp\/v2\/types\/page"}],"author":[{"embeddable":true,"href":"https:\/\/isfd91-bue.infd.edu.ar\/sitio\/wp-json\/wp\/v2\/users\/62"}],"replies":[{"embeddable":true,"href":"https:\/\/isfd91-bue.infd.edu.ar\/sitio\/wp-json\/wp\/v2\/comments?post=843"}],"version-history":[{"count":2,"href":"https:\/\/isfd91-bue.infd.edu.ar\/sitio\/wp-json\/wp\/v2\/pages\/843\/revisions"}],"predecessor-version":[{"id":1242,"href":"https:\/\/isfd91-bue.infd.edu.ar\/sitio\/wp-json\/wp\/v2\/pages\/843\/revisions\/1242"}],"wp:attachment":[{"href":"https:\/\/isfd91-bue.infd.edu.ar\/sitio\/wp-json\/wp\/v2\/media?parent=843"}],"curies":[{"name":"wp","href":"https:\/\/api.w.org\/{rel}","templated":true}]}}